b - 1. Let i be (30/(-25))/(b/(-5)). Let m(y) = -2*y + 2. List the prime factors of m(i).
2, 7
Let f = 113 + -116. Suppose 0*b + 4*b = 40. What are the prime factors of (16/f)/(b/(-15))?
2
Suppose -5*p + 2*t + 3*t = 5, -4*p - 4*t - 4 = 0. List the prime factors of 13/2 + p/2.
2, 3
Let k be ((-1)/(-1))/((-2)/(-16)). Suppose 0*p = 2*p - k. What are the prime factors of p?
2
Let w(z) = z**3 - 6*z**2 + 5*z + 7. Let m be w(5). Suppose -6 = 2*v - 4*h, m = 3*v - 5*h + 3*h. List the prime factors of v.
5
Let v(a) be the second derivative of -a**5/20 + 3*a**4/4 + 2*a**3/3 - 3*a**2/2 - 4*a. Let q be v(9). Let u = 54 - q. List the prime factors of u.
3, 7
Let h = -89 - -64. Let t = h - -43. List the prime factors of t.
2, 3
Suppose o + 0*o = 0. Suppose -2*w - 10 = o, -5*c + 4*c + 7 = w. What are the prime factors of c?
2, 3
What are the prime factors of 26 + (6/3)/(-2)?
5
Suppose 0*m = 3*m + 6. What are the prime factors of m/(-4)*4 + 12?
2, 7
Let j(s) = -s - 1. What are the prime factors of j(-7)?
2, 3
Suppose -3*a - 24 = -3*o, 4*a = -5*o - 1 + 59. Let k(u) = u**2 - 9*u - 2. What are the prime factors of k(o)?
2
Suppose -m - 2*z + 5 = 0, -5*m + 7 = -2*z - 6. Suppose -m*i = -6*c + 4*c - 8, 3*i - 2 = 5*c. Let t(r) = -r**2 + 6*r - 1. What are the prime factors of t(i)?
7
Let m = 288 - 127. What are the prime factors of m?
7, 23
What are the prime factors of 40 + (2 - 3 - 3)?
2, 3
Suppose 3*z - 5*z + 4 = c, -65 = -5*c + 5*z. Let p(d) = 26*d**3 - 1. Let a be p(1). Suppose c = 5*r - a. What are the prime factors of r?
7
Let x be ((-2)/4)/(5/(-10)). Let h be -1 + -1 + x + 1. List the prime factors of 1*(h + -1) + 6.
5
Suppose -5*r + 3*t + 565 = 0, 4*r - 452 = -0*r - 3*t. List the prime factors of r.
113
Let v = 26 + -5. Let x = -15 + v. List the prime factors of x + 2/(-1) + 0.
2
Let h be 6/(-4) + (-963)/(-6). Suppose 31 = -4*r + h. List the prime factors of r.
2
Suppose -2*c + 3*f - 27 = 2*f, c = -4*f. What are the prime factors of -1*(c + (-2)/(-2))?
11
Let k = 1 - 0. Suppose -3 = r + k. List the prime factors of (-49)/(-4) - (-1)/r.
2, 3
Let p = -133 - -242. List the prime factors of p.
109
Let d = 126 - 75. Let r = -34 + d. Let t = -6 + r. List the prime factors of t.
11
Suppose 5*k - 115 = -0*k. List the prime factors of k.
23
Let s = 17 + -12. Let c(x) = x**3 - 3*x**2 - 3*x + 3. List the prime factors of c(s).
2, 19
Let l(f) = -f**3 - 6*f**2 - 2. Let d be l(-6). Let r be d*6/(-8)*-6. What are the prime factors of (-97)/r + (-4)/(-18)?
11
Suppose 4*p - 6*p = -4. Suppose -14 = -p*i + i. What are the prime factors of i?
2, 7
What are the prime factors of (152/(-32))/((-1)/8)?
2, 19
Suppose 0 = -2*i - 2, 0 + 17 = 5*b - 2*i. Suppose 0*j = -b*j + 126. What are the prime factors of j?
2, 3, 7
Suppose 117 + 51 = 4*j. Suppose -3*s + f = -j, 0*s - 5*f = -s + 28. What are the prime factors of s?
13
Let o(q) = q + 9. Let b be o(-4). Let j(v) = v + 2. Let c be j(-2). Suppose 0 = -c*m - b*m + 60. What are the prime factors of m?
2, 3
Let f(o) = o**3 - 4*o**2 - 8*o - 1. What are the prime factors of f(6)?
23
Let w be 2 + 1 + (2 - 3). Let d = -20 + 26. Suppose 3*n + d = 0, -2*s = s - w*n - 37. List the prime factors of s.
11
Suppose -4*q + z + 151 = 0, -3 = -5*z + 2. List the prime factors of q.
2, 19
Suppose 2 = 2*w, w - 2*w = -2*f + 753. List the prime factors of f.
13, 29
Let w(a) = 27*a**2 + 7*a - 8. List the prime factors of w(3).
2
Let w(i) = 2*i**2 - 4*i + 6. Let h = 12 - 8. What are the prime factors of w(h)?
2, 11
Let o = 3 + 1. Let i(t) = t**3 - 5*t**2 + 5*t - 1. Let q be i(o). Suppose 25 + 2 = q*k. List the prime factors of k.
3
Let r(v) = v**2 + 5*v + 5. Let d be r(-4). What are the prime factors of (21/3 + -2)*d?
5
Suppose 2*a - 3*a + 16 = 4*n, 5*a - 14 = 2*n. What are the prime factors of a?
2
Suppose k + 4*w - 5 = 0, -2*k - 1 = k - 4*w. Let f be (17/(-4))/(k/(-4)). Suppose 6*s = 5*s + f. What are the prime factors of s?
17
Let z = 1 - 5. Let u(w) = -w**2 - 6*w - 4. What are the prime factors of u(z)?
2
Let i be 2*26*14/8. Let j = -49 + i. Suppose -4*w + 5*o = -j, 3*w - 8*w - 2*o + 36 = 0. List the prime factors of w.
2
Suppose 0 = -4*v - 18 - 2. Let i(g) = g + 2. Let f be i(v). What are the prime factors of -2 + 2 - 33/f?
11
Let l be -3 + 5 - 5 - -5. Suppose z - l*z + 3 = 0. What are the prime factors of z?
3
Let d(x) be the second derivative of -x**3/6 + x**2/2 + 2*x. Let p be d(-3). Suppose -4*r = -p*w + 16, 0 = w + 3*r - 8*r - 4. List the prime factors of w.
2
Let p = 0 - 3. Let r(n) = n + 3. Let d be r(0). List the prime factors of d*(4/p - -2).
2
Let l be (-6 + 2)/(-2)*2. Suppose -5*c = -3*v - 40, l*c = -v - 9 + 24. List the prime factors of c.
5
Let o(u) = -u**3 - 4*u**2 - 5*u - 4. List the prime factors of o(-5).
2, 23
Let m be 5*11*16/(-20). Let k = -19 - m. What are the prime factors of k?
5
Let v(g) = g**3 - 4*g**2 + 5*g - 4. Let z be (18/(1*-3))/(-2). Let y be v(z). Suppose -24 = -y*t - 2. List the prime factors of t.
11
Let y be 1/3 + 205/(-3). Let u = 14 + y. List the prime factors of ((-4)/(-12))/((-2)/u).
3
Let c(r) = r**3 + 10*r**2 + 10*r - 12. List the prime factors of c(-7).
5, 13
Suppose 2*u - 250 = 2*c, 0 = -0*u - 4*u + 2*c + 494. Suppose m - u = -m. Suppose -5*y + m = 3*q, 0*y + 2*q + 7 = y. What are the prime factors of y?
11
Suppose -3 = u - 16. What are the prime factors of u?
13
Let n = 22 + -20. Suppose -114 = -5*b - 3*l + 143, -n*b + 110 = 3*l. List the prime factors of b.
7
Suppose -4*c + 2*n + 2 + 4 = 0, 4*n = -12. Suppose c = z - 11 + 3. List the prime factors of z.
2
Suppose n = -2*n + 45. What are the prime factors of n?
3, 5
Suppose -5*k = -5*b + 105, -b + 2*k + 0*k + 21 = 0. Suppose -4*q = -s - b, -2*q - 3*s + 1 = 2*q. Suppose 0 = 5*n + q - 19. List the prime factors of n.
3
Let l be ((-10)/(-25))/((-3)/(-30)). List the prime factors of l/(-8)*(-45 - 1).
23
Suppose 3*x - 5*c - 27 = 0, -x + 2*c = -0*x - 10. Suppose 8 = -2*z, -x*z = -p - 7 + 37. Suppose 2*y - 6*y + p = 3*r, -12 = 3*y. What are the prime factors of r?
2, 5
Let o = 4 + 23. Let f be 6/o - 79/(-9). Suppose m - 5 - f = 0. What are the prime factors of m?
2, 7
Let c = 4 - 2. Suppose c*o = -0 + 4. Suppose 40 = -o*i + 7*i + 3*u, 0 = u + 5. List the prime factors of i.
11
Let k be 10/(-4)*30/25. Let h = 3 - k. What are the prime factors of h?
2, 3
Let b(p) = 14*p**2. What are the prime factors of b(3)?
2, 3, 7
Let w = 7 + -3. Suppose -k = 2*k - 6*k. Suppose k = -z + w*z - 63. What are the prime factors of z?
3, 7
Let o(y) = y**2 + 5*y - 27. What are the prime factors of o(-13)?
7, 11
Let o(t) = 0*t**2 - 4*t**2 + 3*t**2 - 9 - 8*t. Let a be o(-7). What are the prime factors of a/((-4)/22 + 0)?
11
Suppose o + 8 = 10. Suppose o*x - 41 = -3*c - 3*x, c + 4*x = 23. List the prime factors of c.
7
Suppose 2*u = -2*u - 72. Let t be (-14)/(-35) - u/5. List the prime factors of (t/12)/((-2)/(-114)).
19
Suppose -2*q + 39 = 2*q - o, 2*q - 4*o = 2. What are the prime factors of q?
11
Let h be 4 + -2 - 2 - -22. Suppose h + 11 = 3*t. List the prime factors of t.
11
Let z be (2/3)/(2/6). Suppose 0*f + 44 = z*f. Let y = f + -12. List the prime factors of y.
2, 5
Let i = 5 - 5. Suppose b + 1 = -j - 1, i = 2*j + b. Suppose 0 = -o + f + j, -3*f + 8*f = 3*o. What are the prime factors of o?
5
What are the prime factors of -142*((-5)/5 - 0)?
2, 71
List the prime factors of (41 + 1)/(6/4).
2, 7
Let g be -9*(-2 - 2/(-3)). Suppose 3*h - h = -5*l + g, 0 = -4*h - 4*l + 12. Suppose 3*s = h + 5. List the prime factors of s.
2
Suppose 0*b + 126 = 3*b. List the prime factors of b.
2, 3, 7
Suppose -3*o - 102 = -6*o. List the prime factors of o.
2, 17
List the prime factors of (24 - -1)/(3/3).
5
Let b(x) = 29*x - 3. What are the prime factors of b(7)?
2, 5
Suppose -2*h - 5*l = -25, 22 = -h + 3*h + 2*l. Let n = 5 + h. List the prime factors of n.
3, 5
Let f be -1 + -5 + 3 + -5. Let z = 10 + f. What are the prime factors of z?
2
Suppose 17*z - 13*z - 84 = 0. What are the prime factors of z?
3, 7
Let b(i) = -i - 3. Let m be b(-3). Let g(p) = -p**3 - p + 4. Let y be g(m). Suppose 3*k - 18 + 64 = 2*o, -y*o + 90 = -5*k. List the prime factors of o.
2, 5
Let c be -3*2/(-6) + -3. What are the prime factors of 14/c*(-6 + 5)?
7
Let r = 7 - -1. Suppose 0 = i - r - 22. Suppose 0 = h + 4*h - i. What are the 